3 - 10690 = -3*n. Is j prime?
True
Suppose a + 3*y = 12, 0 = a - 4*y - 0*y + 9. Let s(u) = -3*u**2 - 2*u. Let o be s(a). Is 22/o - (-635)/3 prime?
True
Let g(l) be the third derivative of 281*l**5/60 + 5*l**4/12 + 26*l**3/3 - 163*l**2. Is g(-7) composite?
False
Suppose -282*z = -215*z - 3334121. Is z prime?
False
Is (-62 + 241)/((-6)/(-10254)) a prime number?
False
Suppose 36*k = 13*k + 9*k + 5707254. Is k composite?
True
Let k be 60/(-15)*(2 + 0 + -60). Let i = 1249 + k. Is i composite?
False
Is (-10)/(-10)*(-101017)/(-28)*4 prime?
True
Let d(z) = 2*z**3 + z**2 + 5*z + 5. Let u be d(-1). Let l(q) be the first derivative of -112*q**2 - 3*q + 1. Is l(u) a prime number?
False
Let m be (-6)/4*((-2 - 15) + 7). Suppose s = m*s - 40894. Is s prime?
False
Let r = 154 - 145. Suppose u + 22 = 3*u - 4*h, -2*h + r = 3*u. Suppose 4*g + a - 2347 = 0, 4*a + 1236 = u*g - 1682. Is g composite?
True
Suppose 89 = -4*s - 3*j - 1959, 3*j - 1024 = 2*s. Let m = s + 10473. Is m composite?
True
Let m be (-27)/(-2)*816/72. Suppose 620 = a + m. Is a a composite number?
False
Let b = -6 + 9. Suppose 3*a = -5*w + 28059, -8*w + b*w - 18681 = -2*a. Suppose -t + a = 11*t. Is t composite?
True
Let q(a) = -9*a**2 - 3 + 28*a - 5 - 13 - a**3. Let c be q(-16). Suppose -3*r = -6*z + 3*z + c, -4*z + 1782 = 5*r. Is z a prime number?
True
Let k be -4*((196/(-8))/7 + 3). Suppose 3*g - k*v = 39325, 3*g - 2*g = 2*v + 13115. Is g a composite number?
True
Let a be 5 + 38/2 + -4. Is 4*((-5)/a)/(4/(-3692)) a prime number?
False
Let k = -24106 - -105183. Is k a prime number?
True
Suppose 0 = -4*u - 4*h, u - 3*h = h + 10. Suppose -u*q - 3*s = -4*s + 2733, -5468 = 4*q - 4*s. Is (q/(-6))/(1/9) composite?
True
Suppose 4*b - 15 = -7. Suppose -4*y - 16 = b*c, 0 = -y - 2*y - 12. Suppose c = -8*x - 1271 + 3167. Is x a prime number?
False
Let x(g) = -1875*g + 157. Let f be x(-6). Suppose 0 = i - 3914 - f. Is i prime?
False
Let d(g) = -2975*g - 5. Let f(i) = -744*i - 1. Let c(h) = -2*d(h) + 9*f(h). Let r be c(-2). Let y = 2415 - r. Is y composite?
True
Let r(g) = 7*g + 2. Let m be r(2). Is (56/12 + 0)*1272/m a composite number?
True
Suppose -5*b = -4*q + 479715 - 107068, -2*b = 2*q - 186292. Is q composite?
True
Suppose -14*f + 3*w - 2224835 = -19*f, 0 = -f + 3*w + 444967. Is f composite?
False
Let c(o) = 11*o**3 - 8*o**2 - 19*o - 58. Let g(b) = 5*b**3 - 4*b**2 - 10*b - 29. Let z(f) = -2*c(f) + 5*g(f). Is z(9) composite?
True
Let d(y) = 3*y**3 + 51*y**2 - 668*y + 5. Is d(24) a prime number?
False
Suppose -5*h + 4*f = -236199, -4*h = 11*f - 6*f - 188951. Is h composite?
True
Let d(i) = 6*i**3 - 3*i**2 + 3*i - 6. Let p be d(2). Suppose 0 = 25*x - p*x + 45859. Is x a prime number?
False
Suppose -9095 = -q + 3*z - 56255, 0 = 4*z. Let j = 8153 - q. Is j composite?
False
Let q(b) = -210*b**3 - 10*b**2 - 102*b - 43. Is q(-7) prime?
True
Let g be (7 + -698)/((-3)/87). Let x = 60688 - g. Is x a prime number?
False
Let z = 23 - 12. Let s(l) be the third derivative of l**5/20 - 5*l**4/12 - 11*l**3 - 100*l**2. Is s(z) a composite number?
True
Let l(c) = 68*c**2 + 27*c - 2997. Is l(-118) prime?
True
Is ((-1)/(-24)*6)/((-4)/(-4757744) - 0) a prime number?
True
Let i = 178604 + -120057. Is i prime?
False
Suppose -3*f - 5*u + 40 = 0, 6*f - f = -5*u + 50. Suppose f*r + z - 3880 = 6*z, -5*r + 2*z + 3865 = 0. Suppose 0*n + r = 3*n. Is n prime?
True
Suppose -3*d = -35 - 103. Let t = d + -43. Suppose 0 = -5*a - t*a + 17384. Is a a composite number?
True
Suppose 0 = 13*h - 416769 - 365038. Is h prime?
True
Suppose -2*k = 5*y + 39346 + 1183, -y = -2*k + 8113. Is y*(-9 - -6) - -8 composite?
False
Let z(h) = -132*h - 1. Let g(p) = -9*p - 1. Let f be g(-1). Suppose 15*o - 7*o + f = 0. Is z(o) composite?
False
Let w = 74166 - 50395. Is w a prime number?
False
Suppose -45*p - 400277 + 1207622 = 0. Suppose 0 = 6*v - 17441 - p. Is v a composite number?
False
Let v be (-1)/(3 - 59658/19884). Suppose 5*n + 2*u = 8247, n - 3*u - v = -n. Is n a prime number?
False
Suppose s + 33404 = 5*m - 216187, -s + 4 = 0. Is m a prime number?
True
Let z = 1116279 - 783580. Is z composite?
False
Suppose -22*o = -17*o - 10. Suppose -f + f = -o*f. Suppose f = -12*n + 2*n + 3170. Is n composite?
False
Let f(j) = 364*j**2 + 113*j - 41. Is f(-12) a composite number?
True
Suppose -2*c + 4*l + 18 = 2, -5*c - 2*l = -4. Suppose k - 6728 - 1099 = 5*h, -c*k - h + 15676 = 0. Is k prime?
False
Let u be 11/3 + (-5)/(-15). Suppose -u*x + 2 = -42. Is x composite?
False
Let s = -6401 + 16433. Suppose -24*l = -20*l - s. Suppose -118 = 2*n - l. Is n composite?
True
Let q(h) = -1722*h. Let f be q(-7). Let j be (-4)/(-10) + f/15. Suppose -6*r + j = -2*r. Is r a composite number?
True
Suppose -8 = k - 10. Suppose -77 = k*l - 5*l + n, 0 = 4*l - 3*n - 111. Is ((-9852)/l)/((-2)/28) a composite number?
True
Let j(b) be the second derivative of -b**4/12 + b**3/3 + 2*b**2 + 4*b. Let g be j(2). Suppose -2*z = -g, -3*r - 2*z + 1237 = -0*z. Is r prime?
False
Let y = -26 + 42. Suppose 0 = -3*t - 4 + y. Suppose 0 = -5*q - 5*l + 1465, -t*l + 120 = -q + 423. Is q a composite number?
True
Suppose 4*n = 7*u - 11*u - 40, -4*n + 5 = -u. Is 2*(-3)/(-2)*(-2049)/u composite?
False
Let a(c) be the first derivative of 57*c**4/4 - 2*c**3/3 + 3*c**2 - 7*c - 38. Let z be a(2). Let h = z - 116. Is h composite?
False
Let f = 24 + -27. Is 2 - 7 - -2721 - f*1 a prime number?
True
Let y be 10/(-5)*-40 + -8. Is 8/(-18) - (-3848)/y composite?
False
Let k(d) = -760*d + 51. Let o(z) = 380*z - 25. Let f(u) = 6*k(u) + 13*o(u). Let a(s) = -1900*s + 94. Let i(b) = 2*a(b) + 11*f(b). Is i(4) prime?
True
Let f = 6903 + 11586. Is f composite?
True
Is (30/45)/((-6)/14 - (-11880314)/27719622) a prime number?
False
Let m be ((-22)/(-5) - (-2 + 6))*5. Suppose -5*x - 41 - 16 = -2*y, 3*y + m*x = 76. Suppose b + 19 = y. Is b a prime number?
True
Let u = -97566 - -143999. Is u a composite number?
True
Let t = -777986 - -1257485. Is t composite?
True
Suppose 0 = -2*b - 6, 0 = -4*a - 0*b - 4*b + 40204. Suppose -s + 4006 = -3*s - 4*u, 5*s - 3*u + a = 0. Let q = s + 2926. Is q a composite number?
True
Let g(u) = 10*u**3 + 566*u**2 + 15*u - 6. Is g(25) prime?
False
Suppose -190047 - 73071 = -6*t. Is t composite?
False
Suppose 6*y - 2*y = -3*s + 7558, 0 = y + 2*s - 1887. Let x = 3600 - y. Is x a prime number?
True
Suppose -3*k + 5*y = -12197, -2*y + 4059 = k + 3*y. Suppose 0 = -5*b + 6*b - p - k, 2*b - 4*p = 8130. Is b a prime number?
False
Suppose 31166 = 7*y - 6*y - 3*k, -2*y = 3*k - 62341. Is y a prime number?
False
Let g(s) = 24 + 67 + 15*s**2 + 12*s**2 - 9*s**2. Is g(8) a composite number?
True
Suppose -2*c - 17*b + 18*b + 858813 = 0, c - 5*b - 429384 = 0. Is c composite?
False
Let s = -96 - -101. Suppose -4*h = n - 6*n + 61773, -s*n + 61767 = -h. Is n a prime number?
False
Let o(a) = 220911*a - 116. Is o(1) prime?
False
Let g(a) = -42*a + 37. Let p = -32 + 43. Suppose 7*k - 2*j = p*k + 56, 4*k + 50 = -5*j. Is g(k) prime?
False
Let z be (-3)/9 - (-41353)/39. Let i be 3 - (2 - (0 + 2)). Suppose z = o + i*o. Is o prime?
False
Suppose 277875 = 3*j - 2*z, 2*j + 2*z - 199874 = -14604. Is j prime?
False
Let j(y) = -2732*y - 203. Let z(n) = -1366*n - 101. Let a(l) = -4*j(l) + 9*z(l). Is a(-8) a composite number?
False
Is 50474/(-3)*(-203)/116*6 prime?
False
Let m(n) be the third derivative of 25*n**6/12 + n**4/8 - n**3/3 + 62*n**2. Suppose 4*s - 16 = 3*d, -s + 0*s - 4*d - 15 = 0. Is m(s) composite?
False
Let h(t) = t**3 - 7*t + 2*t**3 - 4*t**3 - 12 - 15*t**2 + 21*t. Let l be h(-16). Suppose -22*j = -l*j - 398. Is j prime?
True
Let y be (-7311 - -9)/6*(0 - -14). Let r = 24677 + y. Is r a composite number?
False
Is 10/((-20)/(-6)) - (-196172 - -42) a composite number?
True
Let j = -40 + 45. Suppose -5*o + 0*o - j*q = -22830, -6 = -3*q. Suppose -2*g = 4*v + 3*g - o, -2*g = v - 1141. Is v prime?
False
Suppose 2*o = -5*k - 2*o + 12, -3*o - 2 = k. Suppose 0*c = -2*n - 4*c + 26, 5*n + k*c = 41. Suppose -745 = -0*u - n*u. Is u a composite number?
False
Suppose -3*c = p - 47, 0 = 4*c - 11*p + 6*p - 31. Suppose 23544 = -2*t + c*t. Let u = 3695 - t. Is u a composite number?
False
Let s = 951 - 571. Let k = -183 + s. Suppose 0 = 6*g - 2641 - k. Is g composite?
True
Let u = 333069 - 146920. Is u a prime number?
True
Let v be (995/15)